3 - k. What are the prime factors of h?
2, 3, 5, 19
Suppose q = 3*m + 302, -2*m - 3 = -7. Suppose -2*y = 5*w - 691, -3*y = 2*w - 6*y - 265. Let o = q - w. What are the prime factors of o?
3, 19
Let o(u) = 1531*u + 18. Let v be o(2). Suppose 220 = -2*r + v. What are the prime factors of r?
2, 5, 11, 13
Let r(d) = 2*d**2 + 94*d - 38. Let j be r(-47). List the prime factors of (-32 - j)*((-2370)/(-4))/5.
3, 79
Let u(l) = l**3 - 15*l**2 - l + 11. Let w be u(15). Let v be w/(-18) - (-58)/(-18). What are the prime factors of (-3)/(-1) + v/(3/(-154))?
157
Let u = -18199 - -27672. List the prime factors of u.
9473
Suppose 3*i - 50028 = 3*s, -5*i + 3*s + 25061 = -58327. What are the prime factors of i?
2, 3, 5, 139
Suppose -14*o + 40 = -6*o. Suppose -o*g + 2*g - 425 = -k, -2*k = 3*g - 850. What are the prime factors of k?
5, 17
Let z(d) = 12*d**2 + 31 - 3*d**2 - 52 - 17*d + d**3. Let a be z(-10). What are the prime factors of (-4 + a)/1 - (1 - 0)?
2, 11
Suppose 372 = 5*b + 3*f, 0 = -4*b + 7*f - 6*f + 301. Let c = 340 - b. List the prime factors of c.
5, 53
Suppose -15*q + 74398 = -134987. What are the prime factors of q?
3, 11, 47
Let d = -85 - -86. Let k be -1*(-3 + -2 - d). List the prime factors of (k/(-18))/(3/(-738)).
2, 41
Let p(c) = 424*c**2 + 10*c + 0 + 0 - 431*c**2 - c**3. Let z be p(-5). Let h = z + 322. List the prime factors of h.
2, 3, 37
Let u = 3 + -1. Let g(v) = -61 + 11*v**3 + 28 - 3*v**2 + 4*v + 30. What are the prime factors of g(u)?
3
Suppose 3*r - 2*g - 1071 = -221, 15 = -3*g. Suppose m = l + 49 + r, -m - l = -331. What are the prime factors of m?
2, 3, 5, 11
Suppose -4*v = -12, 4*g - 243*v = -240*v + 61823. List the prime factors of g.
2, 59, 131
Let a(d) = 349*d - 1332. What are the prime factors of a(9)?
3, 67
Let a = 133 - 133. Suppose -135*d + 137*d - 1124 = a. What are the prime factors of d?
2, 281
Let f = 96 - 90. Suppose -f*t - 10*t = 6880. List the prime factors of t/(-8)*(-20 - -24).
5, 43
Let k = -46 + 91. Let p be (k/(-27))/(2/6). Let m(s) = -12*s + 4. What are the prime factors of m(p)?
2
Let b(h) be the third derivative of 23*h**5/60 + h**4/6 - 7*h**3 + 26*h**2 - 3*h. List the prime factors of b(5).
7, 79
Let k = 0 + -6. Let b be 4/k - (-3515)/(-15). List the prime factors of b/15*6/(-2).
47
Let s(q) = 2*q**2 - 3*q + 1. Let m be s(2). Suppose 0 = -4*t - 4*n + 1448, 358 = -9*t + 10*t + m*n. List the prime factors of t.
2, 7, 13
Let q be (-3)/(-2)*-10*(-13)/39. Let o(k) = 20*k + 18. Let l(n) = -7*n - 6. Let j(u) = 11*l(u) + 4*o(u). List the prime factors of j(q).
3, 7
Let w(r) = -4*r - 28. Let a be w(-9). Suppose 4*k - 51 = -3*b, -a*k + 6*k + 18 = 4*b. List the prime factors of k.
3, 5
Suppose 2*p + 5*p = 0. Suppose -u + 175 = -3*q - 415, -u - q + 610 = p. Suppose 9*b = -2*b + u. List the prime factors of b.
5, 11
Let n(m) = m**3 - 28*m**2 - m + 18. Let u be n(28). What are the prime factors of -2*(-2 - -1) - (u + 9)?
3
Let b(y) = -y**2 + 19*y - 45. Let o be b(16). What are the prime factors of -4*o*(41 + 2)*-1?
2, 3, 43
Suppose -14*d + 10*d = -1144. Let y = -240 - d. Let a = y - -797. List the prime factors of a.
271
Suppose 20*r - 22*r = -4. Suppose -2*j + 231 = 5*w - 42, w - r*j = 57. What are the prime factors of ((-132)/w)/((-4)/30)?
2, 3
Let k(n) = -4*n**2 + 9*n - 1. Let b be k(1). Suppose -b*o + 1858 = -2*p, -o + 3*p - 47 = -524. What are the prime factors of o?
2, 3, 7, 11
Let b(l) = l**3 - 9*l**2 + 5*l + 13. Let p = -43 - -53. Let t be b(p). Let x = t - 95. What are the prime factors of x?
2, 17
Suppose -67 = -5*u + 4*h, u + 2*h - 19 = -0*u. Let p be (-109)/((-65)/u + 4). Suppose p = 7*v - 156. List the prime factors of v.
3, 23
Suppose d + 4*j - 3 - 11 = 0, 0 = 3*d + j - 20. Suppose d*w - 527 = 385. List the prime factors of w.
2, 19
Let p(q) = 123*q**2 + 9*q + 15. Let h(o) = o - 20. Let a be h(17). What are the prime factors of p(a)?
3, 5, 73
Suppose -15*m - 52672 + 1856448 = 256*m. What are the prime factors of m?
2, 13
Suppose 5*q + 673 = 68. Let f = 483 - q. List the prime factors of f.
2, 151
Let w = 24208 + 40847. What are the prime factors of w?
3, 5, 4337
Let n be ((-60)/9 + 7)/((-1)/51). Let v(y) = 15*y - 29 - 13 - y**3 - 15*y**2 + 13*y. What are the prime factors of v(n)?
2, 3, 5
Let s(t) = -60*t**3 + 3*t - 3. Let y be s(1). Let g be y/(-27) - 0 - 10/45. Suppose 5*n - 3*f - 190 = 0, 195 = 3*n + g*n - 2*f. What are the prime factors of n?
41
Let i be ((-212)/6)/((-34)/(-153)). Let m(x) = 15*x**2 + 2*x. Let w be m(-4). Let h = i + w. What are the prime factors of h?
73
List the prime factors of (-3)/12*0 + (4437 - 2).
5, 887
Suppose -c + 0*c + 25 = -n, 5*n + 160 = -2*c. Let a = -18 - n. Suppose -a*y + 13*y - 93 = 0. What are the prime factors of y?
3, 31
Let p = 45877 + -26107. What are the prime factors of p?
2, 3, 5, 659
Let x = -14 - -16. Suppose 0 = j + 2*v - 101, 2*v + 210 = x*j - 2*v. List the prime factors of j.
103
Let o(b) = -7*b**2 - 36*b - 3. Let c(l) = -9*l**2 - 37*l - 3. Let v(h) = 3*c(h) - 4*o(h). List the prime factors of v(-42).
3, 127
Let s(r) = -r**3 + 2*r**2 - 2*r + 3. Let t be s(1). Suppose -m - 1285 = -3*q + 340, -q + 535 = -t*m. What are the prime factors of q?
3, 181
What are the prime factors of (30/10)/(8 - -1)*54597?
18199
Suppose 14*a - 4*a = 40. Suppose 0 = 3*s, a*s - 3*s = 5*g - 270. Let r = 84 - g. List the prime factors of r.
2, 3, 5
Let v = -10765 - -23385. What are the prime factors of v?
2, 5, 631
Suppose 3*a + m - 155 = 0, -a + 52 = -5*m + 11. Let w = a - 50. List the prime factors of (w + 0 - 178/(-6))*3.
2, 23
Let s = 1984 - 809. List the prime factors of (-10 - -3)*(4 - s/5).
3, 7, 11
Let x = -109 - -115. Let q be 13/(-2)*(x + -8). Suppose q*j - 4*j - 1683 = 0. What are the prime factors of j?
11, 17
Suppose 2*r = 6*r - 688. Let y = 2889 + -2892. List the prime factors of r - (3 - 6/y).
167
Suppose -6*q + 52 = 7*q. Suppose -2*r + 33 = 5*y + 5, 2*y = 3*r - q. Suppose -4*x = -684 + y. List the prime factors of x.
2, 5, 17
Let a(q) = q**3 + 19*q**2 + 5*q + 32. Let o be a(-18). Let d(z) = -5*z**2 - 15*z - 17. Let i be d(-7). Let b = o + i. What are the prime factors of b?
109
Let n(y) = -545*y**3 + 3*y + 1. List the prime factors of n(-2).
5, 13, 67
Let q be ((-62568)/(-96))/(6/(-32)). Let h = -2439 - q. List the prime factors of h.
17, 61
Let z(c) = 1395*c + 13464. What are the prime factors of z(0)?
2, 3, 11, 17
Let c(r) = 19*r + 73. Let p(m) = 29*m + 110. Let y(b) = -8*c(b) + 5*p(b). What are the prime factors of y(-8)?
2, 11
Let b(u) = 106*u**2 - 4*u - 12. Let d be b(3). Suppose -25*x + d = -22*x. List the prime factors of x.
2, 5, 31
Let q = -208 + 206. What are the prime factors of 1043/42*-15*q?
5, 149
Let g = -1317 + 1326. Let l = -5 - -9. Suppose -l*v + g*v = -5*d + 520, 416 = 4*v + 5*d. List the prime factors of v.
2, 13
Suppose 0 = -2*o - 3*s - 6 - 1, 4*o + 3*s = 1. Suppose o*a = 12, -4*b - a = -b - 450. What are the prime factors of b?
149
Let l = 5990 - -2689. List the prime factors of l.
3, 11, 263
Let k(c) = 2*c**3 + 53*c - 110*c + 25*c - 19 - 5 + 33*c**2. What are the prime factors of k(-16)?
2, 3, 31
Suppose p = 3*k - 3*p - 5543, 6 = -3*p. Let g = k - 275. What are the prime factors of g?
2, 5, 157
Let o = -11 + 16. Suppose -o*b = -18 + 3. Suppose 2*u + b - 21 = 0. What are the prime factors of u?
3
Let a = 270 + -113. Let j = a - -8. What are the prime factors of j?
3, 5, 11
Suppose 23*b - 529854 = -16*b. Suppose 22*q - b - 20206 = 0. What are the prime factors of q?
2, 3
Suppose -5*d + 11498 = 2*n, -28745 = -5*n - 0*d - 4*d. List the prime factors of n.
5749
Suppose -7*j - 108*j + 95725 = -308500. List the prime factors of j.
5, 19, 37
Let b = -312 + 1061. Suppose -2*c + 0*h - 3*h + b = 0, -h + 374 = c. What are the prime factors of c?
373
Let v(c) = 0*c**2 + 12*c**3 - 24 + 19*c**2 - 5*c - 13*c**3. List the prime factors of v(9).
3, 13, 19
Suppose 29*w - w = 96768. What are the prime factors of w?
2, 3
What are the prime factors of 2/(-53) - 2500122/(-159)?
2, 3931
Let d(x) = -x**2 - 2*x + 1. Let o be d(1). Let s be -1*o/(-3) - (-21)/(-9). List the prime factors of 27/(-12)*(62/s - -2).
2, 3, 7
Suppose 5*k - 104 = -9. Let w be -13*(4 - (k - 4)). Suppose m = -49 + w. List the prime factors of m.
2, 47
Suppose 3*s - 4*s = -11. Let b(y) = -6 - 10 